*h - 118 = 20, h = 3*u - 153. Suppose -u = -5*w - 15. Calculate m(w).
7
Let p(f) = 64*f - 69*f + 3 - 4 - 2. Let z = -4 - -1. Calculate p(z).
12
Let h be (-8 + (-276)/(-36))*3. Let x(t) = -9*t**2 + t. Calculate x(h).
-10
Let g(w) be the third derivative of w**5/60 + 5*w**4/12 + 42*w**2 + 2*w. Calculate g(-8).
-16
Let t(p) be the first derivative of -2*p**3/3 - p**2/2 - 379. Calculate t(-3).
-15
Let o(u) = -5*u**2 - 5*u - 34. Let v(x) = 12*x**2 + 12*x + 69. Let j(l) = -5*o(l) - 2*v(l). Give j(0).
32
Suppose 0 = 3*c - 5*c - 10. Let j(m) = -5*m - 7. Let s be j(-5). Let b(k) = 7 - s + 12 + 2*k. What is b(c)?
-9
Let r(n) be the third derivative of n**4/4 + n**3/6 + 2*n**2 - 7. Give r(1).
7
Let m be 102/27 + 8/36. Let f(l) be the third derivative of 0*l - 1/3*l**3 + 1/24*l**4 + 9*l**2 + 0. Give f(m).
2
Let d(r) = r**2 + 4*r + 6. Let k = 21 - 18. Suppose 5*l - 2*x + 28 = 0, -k*x - 9 + 33 = -3*l. What is d(l)?
6
Let g(m) = -4 + 8 + 3*m - 5 + 10. Suppose 4*h - 44 = -l + 5*l, -4*l + 5*h - 48 = 0. Give g(l).
-12
Suppose 0 = 4*p - 17 + 1. Suppose -3 = -d + p*d. Let x(k) = -k**2 - k. Let y(s) = 7*s**2 + 4*s - 1. Let t(n) = d*y(n) - 2*x(n). Give t(-2).
-15
Suppose -45 - 27 = -2*b. Let d be 48/b + 2/(-6). Let v(z) = z**2 + z + 0*z - 3*z + 1. Calculate v(d).
0
Let r = -32 + 35. Suppose 7 = 3*k + 6*h - h, -3*h = r. Let g(j) be the third derivative of j**5/60 - j**4/6 - 2*j**3/3 - 2*j**2. Calculate g(k).
-4
Suppose 0 = -3*u + 5 + 67. Suppose 3*x + u = 6*x. Suppose q = -2*q + 3, 0 = -n + 5*q - x. Let d(h) = -h - 4. Give d(n).
-1
Let d(p) = p**2 + 5*p - 3. Suppose -16 = -6*o + 8*o + 3*q, -2*o + 4*q - 2 = 0. Calculate d(o).
-3
Suppose -g + 0*g + 41 = 4*c, -2*c = 4*g - 24. Let h = -6 + c. Let q(w) = -w**2 + 4*w. Determine q(h).
0
Let i(b) = 5*b**3 + 4*b**2 - 11*b - 12. Let w(g) = 4*g**3 + 5*g**2 - 11*g - 11. Let z(d) = 3*i(d) - 4*w(d). Give z(-9).
-10
Let j(f) = f + 7. Let l be j(11). Let n(y) = 10*y - 1 + 6*y - l*y + 6*y. Calculate n(-1).
-5
Let z(m) = 2*m + 4. Let s(g) = -2*g - 2. Let f(b) = 3*s(b) + 2*z(b). Give f(5).
-8
Let x(a) = a**2 + 5*a - 7. Let z(p) = -7*p**2 + 8. Let o be z(6). Let i be (-12)/32 + o/32. Calculate x(i).
17
Let r(j) = -5*j**3 + j**2 + 3. Let o(y) = -y**3 + y**2 + y. Let t(i) = -6*o(i) + r(i). Let g be 3/18 + 506/(-12). Let q = 48 + g. Determine t(q).
3
Let c(v) = -v**3 + 6*v**2 - 5*v + 6. Suppose -n - n = -3*u + 19, u + 4*n = 25. Let d = -4 - -18. Let x = d - u. Give c(x).
6
Let k(l) be the first derivative of l**2/2 - 5*l - 195. What is k(-3)?
-8
Let h(x) be the third derivative of x**4/6 - 25*x**3/3 - 160*x**2. Calculate h(12).
-2
Let o(t) = -t**3 + 2*t**2 + t. Let w(b) = -4*b**3 - 6*b**2 + 4*b + 8. Let m(h) = 3*o(h) - w(h). Give m(-12).
4
Let q(c) = -c**2 + 6*c + 5. Let u be q(4). Let s(k) = -u*k + 7*k - 5 + 5*k. What is s(4)?
-9
Let n(r) = -6*r - 4 - r**3 + 5*r + 7 - r + 0*r + 6*r**2. What is n(6)?
-9
Let m(u) be the first derivative of 3*u**2 + 3*u + 312. Calculate m(-3).
-15
Let w(x) be the first derivative of -x**4/8 - x**2 - 1. Let g(h) be the second derivative of w(h). Give g(5).
-15
Let l(x) = x + 3*x + 2 - 26*x**2 + 23*x**2 - 5*x. Let q be ((-3)/2)/((-3)/4). What is l(q)?
-12
Let f(p) = -5*p - 23. Let y(t) = 3*t + 13. Let a(q) = -4*f(q) - 7*y(q). Suppose z = -2*o + 1, 5*z - 3*o - 26 = z. Calculate a(z).
-4
Let c(m) = 7*m**3 - 13*m - 7. Let f(o) = -8*o**3 + o**2 + 14*o + 8. Let n(q) = -7*c(q) - 6*f(q). Suppose -2*j - 2 + 3 = 5*h, h = j + 10. Give n(j).
1
Let p(y) be the second derivative of 9*y + 1/2*y**2 + 0 + 1/6*y**3. Determine p(2).
3
Suppose 81*v - 83*v + 22 = 0. Let h(c) = c**2 - 11*c - 11. Determine h(v).
-11
Let c(p) = p**3 + 19*p**2 + 6*p + 122. Let s be c(-19). Let w(l) = -l + 11. What is w(s)?
3
Let i(o) = -7*o + 8 + o - 1 + o**2. Let s be (-242)/(-44) - (-1)/(-2). What is i(s)?
2
Let p(k) be the first derivative of -k**4/4 - 2*k**3 + 2*k**2 + 21. Give p(-6).
-24
Let w(m) be the second derivative of -1/6*m**3 + 5/2*m**2 - 5*m + 0 - 1/3*m**4 + 1/20*m**5. Let j be w(4). Let s(g) = -g**3 + 1. Calculate s(j).
0
Let g(u) be the second derivative of -22*u - 1/6*u**3 + 2*u**2 + 0. Determine g(7).
-3
Let d(m) = m - 1. Let p(v) = -v**3 - 9*v**2 - 2*v - 11. Let g be p(-9). Suppose 0 = -2*x + 1 + g. Suppose x*o + 15 = -1. Determine d(o).
-5
Let z(r) be the third derivative of 5*r**4/8 - 12*r**2. Give z(1).
15
Let l = -136 - -136. Let k be (-5 + 2)/((-3)/2). Let t(u) = 6 + 0*u - u**k + u - 2. Give t(l).
4
Let x = 45 + -35. Let y(g) = 7*g - 1 + x - 8. Determine y(-1).
-6
Let n be (-570)/(-110) + 8/(-44). Let g(m) be the first derivative of -1/3*m**3 - 2*m**2 - 2*m + n. What is g(-5)?
-7
Let r(o) = -o**3 - 3*o**2 + 8*o + 5. Suppose -5*d - 21*d = 130. Determine r(d).
15
Suppose -4*q - q = -90. Let n = -3 + -13. Let l = n + q. Let r(o) = -o**2 + 3*o - 1. Calculate r(l).
1
Let t(j) be the first derivative of -j**5/20 + 3*j**4/4 + j**3/6 - 3*j**2 + 10*j - 6. Let s(y) be the first derivative of t(y). What is s(9)?
3
Let c = 46 + -44. Let q(g) = 20 - 12 + g**3 - 6*g**2 + 2*g**3 - 3*g - c*g**3. What is q(6)?
-10
Let a(i) = 4*i - 13. Suppose 8*c + 3*c - 66 = 0. What is a(c)?
11
Let f be (7 - 1)*(-30)/(-45). Let o(w) = 3*w + 2*w + f - 3. Give o(-1).
-4
Let g(k) = 2*k + 4. Suppose -5*d = -2*p + 48 - 13, -5*d - 5*p = 0. Determine g(d).
-6
Let i(g) = 9*g - 63. Let z be i(8). Let r(m) = -m + 12. Give r(z).
3
Let r(w) = -w**3 - 7*w**2 - 5*w + 2. Let n(o) = 4*o - 13. Let j be n(-8). Let c be 240/j - 4/6. Calculate r(c).
-4
Let q(f) be the second derivative of -f**3/2 + f. Let c(v) = 4*v + 47. Let b be (-18 + 5 - -2) + (0 - 1). Let l be c(b). Calculate q(l).
3
Let r(z) = -z**3 - 5*z**2 + 5*z - 8. Let s(y) = y**2 + 8*y + 1. Suppose 54 = -2*b + 12. Let o = 14 + b. Let k be s(o). Give r(k).
-2
Let b(q) = 6*q + 1. Suppose 0 = -40*p + 48*p + 48. What is b(p)?
-35
Let i(h) = -h - 3. Suppose 5*z = 7*z - 4. Suppose 3*j = -3*g + 6, -z*g = -5*g + 5*j - 10. Let y be 1*(g + -2 + -2). Give i(y).
1
Let j(q) = -1 + q**3 + 6 - 640*q + 634*q - 4*q**2. Determine j(4).
-19
Let h(y) = -2*y**3 + 3*y**2 - y + 1. Suppose 328*c - 327*c - 2 = 0. Give h(c).
-5
Let w(b) = 2*b**2 + 13*b - 1. Let a(n) = -2*n**2 - 16*n + 1. Let l(r) = -2*a(r) - 3*w(r). Suppose 29 = -5*z - 4*p, p - 1 = 2*p. Calculate l(z).
-14
Let p(a) = a**3 + 7*a**2 + 8*a + 3. Let d be p(-6). Let x(m) = -25*m**2 - 4*m + 15. Let b(n) = 19*n**2 + 5*n - 14. Let o(f) = 4*b(f) + 3*x(f). Determine o(d).
-2
Let m be 8/12*-3 + (-8)/(-2). Let u(p) = p**3 - 177 + 2*p + 89 + 82 - 5*p**m. Calculate u(4).
-14
Suppose 9*n - 88 - 38 = 0. Let m(z) = z**2 - 12*z - 19. What is m(n)?
9
Let y(q) = -q**3 + 20*q**2 - 2*q + 6. Let d(a) = -a + 19. Let n be d(-1). Calculate y(n).
-34
Let c(j) = 2*j - 1. Suppose t = 4 + 5. Suppose 0 = 3*r - t - 3. Give c(r).
7
Let j be (-32)/(-12)*(-66)/(-8). Suppose 112 = 5*x + j. Suppose 0*n - 3*n = x. Let g(l) = -l**2 - 6*l - 1. Calculate g(n).
-1
Let f be 2 + 2*3 - 2. Let d(m) be the first derivative of m**4/24 + m**3 - 6*m**2 + 3. Let i(r) be the second derivative of d(r). Give i(f).
12
Let p = -77 - -28. Let x = p + 53. Let l(c) = -3*c. What is l(x)?
-12
Suppose -20*h = -117 + 17. Let t(l) = 6*l - 25. Give t(h).
5
Suppose 4*g - 4*d - 9 = 7, 5*d = g + 4. Let h(z) = -95*z + 7 - g*z**2 + z**2 - z**3 + 104*z - z**2. Suppose 2*w - 26 = 4*u, 3*w - 22 = 3*u + 4*w. Give h(u).
-7
Let a(t) = 204*t + 0 - 210*t - 18. Calculate a(-2).
-6
Suppose 0*f - f = -5*n + 42, -2*f + 20 = 3*n. Let x(t) = 4*t - 1 + t**2 + n*t**2 - 4 + t**3 - 3*t**2. Determine x(-5).
0
Let l(g) = 13*g - 1. Let c = -1 + -5. Let o be ((-2)/6)/(c/18). Suppose 0 = 2*b - o - 1. What is l(b)?
12
Suppose 0 + 4 = 2*l. Let s(d) = -4 + 3*d**2 - 7*d - 2*d - 4*d**l. Give s(-7).
10
Let q be -7*((-40)/(-14) + -2). Let z(f) = -51*f - 1 + 0 + 52*f. Let o(d) = -d + 2. Let s(r) = q*z(r) - 5*o(r). Give s(-3).
-1
Let q(m) be the first derivative of m**2 + m - 2. Suppose -j + 2 = -3. Suppose -34 = -j*g - 4. Calculate q(g).
13
Let f(o) be the second derivative of o**5/20 + 5*o**4/12 - 5*o**3/6 - 5*o**2/2 - 4*o. Let x be (9/(-3))/(5/10). What is f(x)?
-11
Let s(p) = p**3. Suppose -3*n - 18 = 18. Let j = -10 - n. Determine s(j).
8
Suppose -2*f + 16 = 2*g + 4, 5*f = -4*g + 25. Let i(m) = 45*m + 49*m + 42*m + 3 - 137*m. Give i(g).
-2
Let j(l) be the second der